{"id":7061,"date":"2022-04-06T13:15:01","date_gmt":"2022-04-06T18:15:01","guid":{"rendered":"https:\/\/seciss.facmed.unam.mx\/?page_id=7061"},"modified":"2026-03-10T17:20:17","modified_gmt":"2026-03-10T23:20:17","slug":"programas-academicos-1","status":"publish","type":"page","link":"https:\/\/seciss.facmed.unam.mx\/index.php\/programas-academicos-1\/","title":{"rendered":"Programas Acad\u00e9micos 1"},"content":{"rendered":"<p>[et_pb_section fb_built=\u00bb1&#8243; disabled_on=\u00bboff|off|off\u00bb _builder_version=\u00bb4.27.4&#8243; _module_preset=\u00bbdefault\u00bb box_shadow_style=\u00bbpreset3&#8243; global_colors_info=\u00bb{}\u00bb][et_pb_row _builder_version=\u00bb4.27.4&#8243; _module_preset=\u00bbdefault\u00bb global_colors_info=\u00bb{}\u00bb][et_pb_column type=\u00bb4_4&#8243; _builder_version=\u00bb4.27.4&#8243; _module_preset=\u00bbdefault\u00bb global_colors_info=\u00bb{}\u00bb][et_pb_text _builder_version=\u00bb4.27.5&#8243; _module_preset=\u00bbdefault\u00bb text_font=\u00bb|800||on|||||\u00bb text_text_color=\u00bb#053967&#8243; text_font_size=\u00bb60px\u00bb text_orientation=\u00bbcenter\u00bb custom_margin_tablet=\u00bb\u00bb custom_margin_phone=\u00bb-78px||-65px||false|false\u00bb custom_margin_last_edited=\u00bbon|phone\u00bb text_font_size_tablet=\u00bb46px\u00bb text_font_size_phone=\u00bb35px\u00bb text_font_size_last_edited=\u00bbon|tablet\u00bb text_line_height_tablet=\u00bb\u00bb text_line_height_phone=\u00bb1.4em\u00bb text_line_height_last_edited=\u00bbon|phone\u00bb text_text_shadow_style=\u00bbpreset1&#8243; global_colors_info=\u00bb{}\u00bb]<\/p>\n<p>Programas Acad\u00e9micos<\/p>\n<p>[\/et_pb_text][\/et_pb_column][\/et_pb_row][\/et_pb_section][et_pb_section fb_built=\u00bb1&#8243; disabled_on=\u00bboff|off|off\u00bb _builder_version=\u00bb4.27.5&#8243; _module_preset=\u00bbdefault\u00bb box_shadow_style=\u00bbpreset2&#8243; global_colors_info=\u00bb{}\u00bb][et_pb_row column_structure=\u00bb1_5,1_5,1_5,1_5,1_5&#8243; _builder_version=\u00bb4.27.5&#8243; _module_preset=\u00bbdefault\u00bb max_width=\u00bb1544px\u00bb global_colors_info=\u00bb{}\u00bb][et_pb_column type=\u00bb1_5&#8243; _builder_version=\u00bb4.27.5&#8243; _module_preset=\u00bbdefault\u00bb global_colors_info=\u00bb{}\u00bb][et_pb_text _builder_version=\u00bb4.27.5&#8243; _module_preset=\u00bbdefault\u00bb text_font=\u00bb|700||||on|||\u00bb text_text_color=\u00bb#053967&#8243; text_font_size=\u00bb37px\u00bb text_orientation=\u00bbcenter\u00bb global_colors_info=\u00bb{}\u00bb]<\/p>\n<p>5\u00ba Semestre<\/p>\n<p>[\/et_pb_text][et_pb_divimenus_flex direction=\u00bbcolumn\u00bb show_open=\u00bboff\u00bb menu_button_content=\u00bbtext\u00bb menu_button_text=\u00bbProgramas\u00bb alignment=\u00bbcenter\u00bb force_fullwidth=\u00bbon\u00bb mb_fullwidth=\u00bbon\u00bb menu_button_background_color=\u00bb#053967&#8243; menu_item_opacity=\u00bbon\u00bb h_gap=\u00bb9px\u00bb logo_alignment=\u00bbcenter\u00bb text_use_icon=\u00bbon\u00bb text_font_icon=\u00bb&#xf107;||fa||900&#8243; text_icon_pos=\u00bbright\u00bb menu_button_margin=\u00bb|0px||0px|false|false\u00bb menu_button_padding=\u00bb|||0px|false|false\u00bb hover_click=\u00bbclick\u00bb _builder_version=\u00bb4.27.5&#8243; _module_preset=\u00bbdefault\u00bb menu_button_font=\u00bb|600|||||||\u00bb menu_button_font_size=\u00bb17px\u00bb menu_item_text_color=\u00bb#053967&#8243; menu_item_font_size=\u00bb14px\u00bb menu_item_line_height=\u00bb1.4em\u00bb width=\u00bb100%\u00bb module_alignment=\u00bbcenter\u00bb custom_margin=\u00bb|||26px|false|false\u00bb custom_padding=\u00bb|0px||0px|false|false\u00bb border_radii_menu_button=\u00bbon|12px|12px|12px|12px\u00bb border_radii_menu_item=\u00bbon|10px|10px|10px|10px\u00bb border_width_all_menu_item=\u00bb1px\u00bb border_color_all_menu_item=\u00bb#08245A\u00bb box_shadow_style_menu_button=\u00bbpreset1&#8243; global_colors_info=\u00bb{}\u00bb][et_pb_divimenus_flex_item title=\u00bbProped\u00e9utica M\u00e9dica Y Fisiopatolog\u00eda\u00bb alignment=\u00bbcenter\u00bb url=\u00bbhttps:\/\/seciss.facmed.unam.mx\/wp-content\/uploads\/2026\/02\/PROPEDE\u0301UTICA-ME\u0301DICA-2025.pdf\u00bb url_new_window=\u00bbon\u00bb _builder_version=\u00bb4.27.5&#8243; _module_preset=\u00bbdefault\u00bb item_text_color=\u00bb#08245A\u00bb module_alignment=\u00bbcenter\u00bb global_colors_info=\u00bb{}\u00bb direction=\u00bbcolumn\u00bb force_fullwidth=\u00bbon\u00bb][\/et_pb_divimenus_flex_item][et_pb_divimenus_flex_item title=\u00bbLaboratorio Cl\u00ednico\u00bb url=\u00bbhttps:\/\/seciss.facmed.unam.mx\/wp-content\/uploads\/2026\/02\/LABORATORIO-CLI\u0301NICO-2025.pdf\u00bb url_new_window=\u00bbon\u00bb _builder_version=\u00bb4.27.5&#8243; _module_preset=\u00bbdefault\u00bb global_colors_info=\u00bb{}\u00bb direction=\u00bbcolumn\u00bb force_fullwidth=\u00bbon\u00bb][\/et_pb_divimenus_flex_item][et_pb_divimenus_flex_item title=\u00bbImagenolog\u00eda\u00bb url=\u00bbhttps:\/\/seciss.facmed.unam.mx\/wp-content\/uploads\/2026\/02\/IMAGENOLOGI\u0301A-2025.pdf\u00bb url_new_window=\u00bbon\u00bb _builder_version=\u00bb4.27.5&#8243; _module_preset=\u00bbdefault\u00bb global_colors_info=\u00bb{}\u00bb direction=\u00bbcolumn\u00bb force_fullwidth=\u00bbon\u00bb][\/et_pb_divimenus_flex_item][et_pb_divimenus_flex_item title=\u00bbMedicina Psicol\u00f3gica y Comunicaci\u00f3n\u00bb url=\u00bbhttps:\/\/seciss.facmed.unam.mx\/wp-content\/uploads\/2024\/07\/2022-Programa-acade\u0301mico-Medicina-psicolo\u0301gica-y-comunicacio\u0301n-1.pdf\u00bb url_new_window=\u00bbon\u00bb _builder_version=\u00bb4.27.4&#8243; _module_preset=\u00bbdefault\u00bb global_colors_info=\u00bb{}\u00bb direction=\u00bbcolumn\u00bb force_fullwidth=\u00bbon\u00bb][\/et_pb_divimenus_flex_item][et_pb_divimenus_flex_item title=\u00bbEpidemiolog\u00eda Cl\u00ednica y Medicina Basada en Evidencias\u00bb url=\u00bbhttps:\/\/seciss.facmed.unam.mx\/wp-content\/uploads\/2024\/07\/Programa-Acade\u0301mico-Epidemiologi\u0301a-Cli\u0301nica-y-Medicina-Basada-en-Evidencias.-Plan-2010-1.pdf\u00bb url_new_window=\u00bbon\u00bb _builder_version=\u00bb4.27.4&#8243; _module_preset=\u00bbdefault\u00bb global_colors_info=\u00bb{}\u00bb direction=\u00bbcolumn\u00bb force_fullwidth=\u00bbon\u00bb][\/et_pb_divimenus_flex_item][\/et_pb_divimenus_flex][\/et_pb_column][et_pb_column type=\u00bb1_5&#8243; _builder_version=\u00bb4.27.5&#8243; _module_preset=\u00bbdefault\u00bb global_colors_info=\u00bb{}\u00bb][et_pb_text _builder_version=\u00bb4.27.5&#8243; _module_preset=\u00bbdefault\u00bb text_font=\u00bb|700||||on|||\u00bb text_text_color=\u00bb#053967&#8243; text_font_size=\u00bb30px\u00bb custom_margin_tablet=\u00bb\u00bb custom_margin_phone=\u00bb39px||-10px||false|false\u00bb custom_margin_last_edited=\u00bbon|phone\u00bb text_line_height_tablet=\u00bb\u00bb text_line_height_phone=\u00bb1em\u00bb text_line_height_last_edited=\u00bbon|phone\u00bb text_orientation_tablet=\u00bb\u00bb text_orientation_phone=\u00bbcenter\u00bb text_orientation_last_edited=\u00bbon|phone\u00bb global_colors_info=\u00bb{}\u00bb]<\/p>\n<p>6\u00ba y 7\u00ba Semestres<\/p>\n<p>[\/et_pb_text][et_pb_divimenus_flex direction=\u00bbcolumn\u00bb show_open=\u00bboff\u00bb menu_button_content=\u00bbtext\u00bb menu_button_text=\u00bbProgramas\u00bb alignment=\u00bbcenter\u00bb force_fullwidth=\u00bbon\u00bb mb_fullwidth=\u00bbon\u00bb menu_button_background_color=\u00bb#053967&#8243; h_gap=\u00bb11px\u00bb text_use_icon=\u00bbon\u00bb text_font_icon=\u00bb&#xf107;||fa||900&#8243; text_icon_pos=\u00bbright\u00bb menu_button_margin=\u00bb|0px||0px|false|false\u00bb menu_button_padding=\u00bb|||0px|false|false\u00bb hover_click=\u00bbclick\u00bb _builder_version=\u00bb4.27.6&#8243; _module_preset=\u00bbdefault\u00bb menu_button_font=\u00bb|600|||||||\u00bb menu_button_font_size=\u00bb17px\u00bb menu_item_text_color=\u00bb#053967&#8243; width=\u00bb100%\u00bb module_alignment=\u00bbcenter\u00bb custom_margin_tablet=\u00bb\u00bb custom_margin_phone=\u00bb35px||||false|false\u00bb custom_margin_last_edited=\u00bbon|phone\u00bb custom_padding=\u00bb|0px||0px|false|false\u00bb hover_enabled=\u00bb0&#8243; border_radii_menu_button=\u00bbon|12px|12px|12px|12px\u00bb border_radii_menu_item=\u00bbon|10px|10px|10px|10px\u00bb border_width_all_menu_item=\u00bb1px\u00bb border_color_all_menu_item=\u00bb#08245A\u00bb box_shadow_style_menu_button=\u00bbpreset1&#8243; global_colors_info=\u00bb{}\u00bb sticky_enabled=\u00bb0&#8243;][et_pb_divimenus_flex_item title=\u00bbAnatom\u00eda Patol\u00f3gica I\u00bb alignment=\u00bbcenter\u00bb url=\u00bbhttps:\/\/seciss.facmed.unam.mx\/wp-content\/uploads\/2026\/02\/ANATOMI\u0301A-PATOLO\u0301GICA-I-2026-1.pdf\u00bb url_new_window=\u00bbon\u00bb _builder_version=\u00bb4.27.5&#8243; _module_preset=\u00bbdefault\u00bb item_text_color=\u00bb#08245A\u00bb module_alignment=\u00bbcenter\u00bb global_colors_info=\u00bb{}\u00bb direction=\u00bbcolumn\u00bb force_fullwidth=\u00bbon\u00bb][\/et_pb_divimenus_flex_item][et_pb_divimenus_flex_item title=\u00bbCardiolog\u00eda\u00bb url=\u00bbhttps:\/\/seciss.facmed.unam.mx\/wp-content\/uploads\/2026\/02\/CARDIOLOGI\u0301A-2026.pdf\u00bb url_new_window=\u00bbon\u00bb _builder_version=\u00bb4.27.5&#8243; _module_preset=\u00bbdefault\u00bb global_colors_info=\u00bb{}\u00bb direction=\u00bbcolumn\u00bb force_fullwidth=\u00bbon\u00bb][\/et_pb_divimenus_flex_item][et_pb_divimenus_flex_item title=\u00bbHematolog\u00eda\u00bb url=\u00bbhttps:\/\/seciss.facmed.unam.mx\/wp-content\/uploads\/2026\/02\/HEMATOLOGI\u0301A-2026.pdf\u00bb url_new_window=\u00bbon\u00bb _builder_version=\u00bb4.27.5&#8243; _module_preset=\u00bbdefault\u00bb global_colors_info=\u00bb{}\u00bb direction=\u00bbcolumn\u00bb force_fullwidth=\u00bbon\u00bb][\/et_pb_divimenus_flex_item][et_pb_divimenus_flex_item title=\u00bbNefrolog\u00eda\u00bb url=\u00bbhttps:\/\/seciss.facmed.unam.mx\/wp-content\/uploads\/2026\/02\/NEFROLOGI\u0301A-2026.pdf\u00bb url_new_window=\u00bbon\u00bb _builder_version=\u00bb4.27.5&#8243; _module_preset=\u00bbdefault\u00bb global_colors_info=\u00bb{}\u00bb direction=\u00bbcolumn\u00bb force_fullwidth=\u00bbon\u00bb][\/et_pb_divimenus_flex_item][et_pb_divimenus_flex_item title=\u00bbNeumolog\u00eda\u00bb url=\u00bbhttps:\/\/seciss.facmed.unam.mx\/wp-content\/uploads\/2026\/02\/NEUMOLOGI\u0301A-2026.pdf\u00bb url_new_window=\u00bbon\u00bb _builder_version=\u00bb4.27.5&#8243; _module_preset=\u00bbdefault\u00bb global_colors_info=\u00bb{}\u00bb direction=\u00bbcolumn\u00bb force_fullwidth=\u00bbon\u00bb][\/et_pb_divimenus_flex_item][et_pb_divimenus_flex_item title=\u00bbOtorrinolaringolog\u00eda\u00bb url=\u00bbhttps:\/\/seciss.facmed.unam.mx\/wp-content\/uploads\/2026\/02\/OTORRINOLARINGOLOGI\u0301A-2026.pdf\u00bb url_new_window=\u00bbon\u00bb _builder_version=\u00bb4.27.5&#8243; _module_preset=\u00bbdefault\u00bb global_colors_info=\u00bb{}\u00bb direction=\u00bbcolumn\u00bb force_fullwidth=\u00bbon\u00bb][\/et_pb_divimenus_flex_item][et_pb_divimenus_flex_item title=\u00bbPsiquiatr\u00eda\u00bb url=\u00bbhttps:\/\/seciss.facmed.unam.mx\/wp-content\/uploads\/2026\/02\/PSIQUIATRI\u0301A-2026.pdf\u00bb url_new_window=\u00bbon\u00bb _builder_version=\u00bb4.27.5&#8243; _module_preset=\u00bbdefault\u00bb global_colors_info=\u00bb{}\u00bb direction=\u00bbcolumn\u00bb force_fullwidth=\u00bbon\u00bb][\/et_pb_divimenus_flex_item][et_pb_divimenus_flex_item title=\u00bbUrolog\u00eda\u00bb url=\u00bbhttps:\/\/seciss.facmed.unam.mx\/wp-content\/uploads\/2026\/02\/UROLOGI\u0301A-2026.pdf\u00bb url_new_window=\u00bbon\u00bb _builder_version=\u00bb4.27.5&#8243; _module_preset=\u00bbdefault\u00bb global_colors_info=\u00bb{}\u00bb direction=\u00bbcolumn\u00bb force_fullwidth=\u00bbon\u00bb][\/et_pb_divimenus_flex_item][et_pb_divimenus_flex_item title=\u00bbAnatom\u00eda Patol\u00f3gica II\u00bb url=\u00bbhttps:\/\/seciss.facmed.unam.mx\/wp-content\/uploads\/2026\/02\/ANATOMI\u0301A-PATOLO\u0301GICA-II-2026.pdf\u00bb url_new_window=\u00bbon\u00bb _builder_version=\u00bb4.27.5&#8243; _module_preset=\u00bbdefault\u00bb global_colors_info=\u00bb{}\u00bb direction=\u00bbcolumn\u00bb force_fullwidth=\u00bbon\u00bb][\/et_pb_divimenus_flex_item][et_pb_divimenus_flex_item title=\u00bbDermatolog\u00eda\u00bb url=\u00bbhttps:\/\/seciss.facmed.unam.mx\/wp-content\/uploads\/2026\/02\/DERMATOLOGI\u0301A-2026.pdf\u00bb url_new_window=\u00bbon\u00bb _builder_version=\u00bb4.27.5&#8243; _module_preset=\u00bbdefault\u00bb global_colors_info=\u00bb{}\u00bb direction=\u00bbcolumn\u00bb force_fullwidth=\u00bbon\u00bb][\/et_pb_divimenus_flex_item][et_pb_divimenus_flex_item title=\u00bbEndocrinolog\u00eda\u00bb url=\u00bbhttps:\/\/seciss.facmed.unam.mx\/wp-content\/uploads\/2026\/02\/ENDOCRINOLOGI\u0301A-2026.pdf\u00bb url_new_window=\u00bbon\u00bb _builder_version=\u00bb4.27.5&#8243; _module_preset=\u00bbdefault\u00bb global_colors_info=\u00bb{}\u00bb direction=\u00bbcolumn\u00bb force_fullwidth=\u00bbon\u00bb][\/et_pb_divimenus_flex_item][et_pb_divimenus_flex_item title=\u00bbGastroenterolog\u00eda\u00bb url=\u00bbhttps:\/\/seciss.facmed.unam.mx\/wp-content\/uploads\/2026\/03\/GASTROENTEROLOGI\u0301A-2026-2.pdf\u00bb url_new_window=\u00bbon\u00bb _builder_version=\u00bb4.27.6&#8243; _module_preset=\u00bbdefault\u00bb hover_enabled=\u00bb0&#8243; global_colors_info=\u00bb{}\u00bb direction=\u00bbcolumn\u00bb force_fullwidth=\u00bbon\u00bb sticky_enabled=\u00bb0&#8243;][\/et_pb_divimenus_flex_item][et_pb_divimenus_flex_item title=\u00bbNeurolog\u00eda\u00bb url=\u00bbhttps:\/\/seciss.facmed.unam.mx\/wp-content\/uploads\/2026\/02\/NEUROLOGI\u0301A-2026.pdf\u00bb url_new_window=\u00bbon\u00bb _builder_version=\u00bb4.27.5&#8243; _module_preset=\u00bbdefault\u00bb global_colors_info=\u00bb{}\u00bb direction=\u00bbcolumn\u00bb force_fullwidth=\u00bbon\u00bb][\/et_pb_divimenus_flex_item][et_pb_divimenus_flex_item title=\u00bbNutrici\u00f3n Humana\u00bb url=\u00bbhttps:\/\/seciss.facmed.unam.mx\/wp-content\/uploads\/2026\/02\/NUTRICIO\u0301N-HUMANA_2026.pdf\u00bb url_new_window=\u00bbon\u00bb _builder_version=\u00bb4.27.5&#8243; _module_preset=\u00bbdefault\u00bb global_colors_info=\u00bb{}\u00bb direction=\u00bbcolumn\u00bb force_fullwidth=\u00bbon\u00bb][\/et_pb_divimenus_flex_item][et_pb_divimenus_flex_item title=\u00bbOftalmolog\u00eda\u00bb url=\u00bbhttps:\/\/seciss.facmed.unam.mx\/wp-content\/uploads\/2026\/02\/OFTAMOLOGI\u0301A_2026.pdf\u00bb url_new_window=\u00bbon\u00bb _builder_version=\u00bb4.27.5&#8243; _module_preset=\u00bbdefault\u00bb global_colors_info=\u00bb{}\u00bb direction=\u00bbcolumn\u00bb force_fullwidth=\u00bbon\u00bb][\/et_pb_divimenus_flex_item][et_pb_divimenus_flex_item title=\u00bbFarmacolog\u00eda Terap\u00e9utica\u00bb url=\u00bbhttps:\/\/seciss.facmed.unam.mx\/wp-content\/uploads\/2025\/08\/Programa_academico_Farmacologia_Terapeutica_2025_3_0.pdf\u00bb url_new_window=\u00bbon\u00bb _builder_version=\u00bb4.27.5&#8243; _module_preset=\u00bbdefault\u00bb global_colors_info=\u00bb{}\u00bb direction=\u00bbcolumn\u00bb force_fullwidth=\u00bbon\u00bb][\/et_pb_divimenus_flex_item][\/et_pb_divimenus_flex][\/et_pb_column][et_pb_column type=\u00bb1_5&#8243; _builder_version=\u00bb4.27.5&#8243; _module_preset=\u00bbdefault\u00bb global_colors_info=\u00bb{}\u00bb][et_pb_text _builder_version=\u00bb4.27.5&#8243; _module_preset=\u00bbdefault\u00bb text_font=\u00bb|700||||on|||\u00bb text_text_color=\u00bb#053967&#8243; text_font_size=\u00bb30px\u00bb custom_margin_tablet=\u00bb\u00bb custom_margin_phone=\u00bb35px||||false|false\u00bb custom_margin_last_edited=\u00bbon|phone\u00bb text_line_height_tablet=\u00bb\u00bb text_line_height_phone=\u00bb1em\u00bb text_line_height_last_edited=\u00bbon|phone\u00bb text_orientation_tablet=\u00bb\u00bb text_orientation_phone=\u00bbcenter\u00bb text_orientation_last_edited=\u00bbon|phone\u00bb global_colors_info=\u00bb{}\u00bb]<\/p>\n<p>8\u00ba y 9\u00ba Semestres<\/p>\n<p>[\/et_pb_text][et_pb_divimenus_flex direction=\u00bbcolumn\u00bb show_open=\u00bboff\u00bb menu_button_content=\u00bbtext\u00bb menu_button_text=\u00bbProgramas\u00bb alignment=\u00bbcenter\u00bb force_fullwidth=\u00bbon\u00bb mb_fullwidth=\u00bbon\u00bb menu_button_background_color=\u00bb#053967&#8243; h_gap=\u00bb11px\u00bb text_use_icon=\u00bbon\u00bb text_font_icon=\u00bb&#xf107;||fa||900&#8243; text_icon_pos=\u00bbright\u00bb menu_button_margin=\u00bb|0px||0px|false|false\u00bb menu_button_padding=\u00bb|||0px|false|false\u00bb hover_click=\u00bbclick\u00bb _builder_version=\u00bb4.27.5&#8243; _module_preset=\u00bbdefault\u00bb menu_button_font=\u00bb|600|||||||\u00bb menu_button_font_size=\u00bb17px\u00bb menu_item_text_color=\u00bb#053967&#8243; width=\u00bb100%\u00bb module_alignment=\u00bbcenter\u00bb custom_padding=\u00bb|0px||0px|false|false\u00bb border_radii_menu_button=\u00bbon|12px|12px|12px|12px\u00bb border_radii_menu_item=\u00bbon|10px|10px|10px|10px\u00bb border_width_all_menu_item=\u00bb1px\u00bb border_color_all_menu_item=\u00bb#08245A\u00bb box_shadow_style_menu_button=\u00bbpreset1&#8243; global_colors_info=\u00bb{}\u00bb][et_pb_divimenus_flex_item title=\u00bbGinecolog\u00eda y Obstetricia\u00bb alignment=\u00bbcenter\u00bb url=\u00bbhttps:\/\/seciss.facmed.unam.mx\/wp-content\/uploads\/2025\/11\/GINECOLOGIA-Y-OBSTETRICIA-2026-1.pdf\u00bb url_new_window=\u00bbon\u00bb _builder_version=\u00bb4.27.5&#8243; _module_preset=\u00bbdefault\u00bb item_text_color=\u00bb#08245A\u00bb module_alignment=\u00bbcenter\u00bb global_colors_info=\u00bb{}\u00bb direction=\u00bbcolumn\u00bb force_fullwidth=\u00bbon\u00bb][\/et_pb_divimenus_flex_item][et_pb_divimenus_flex_item title=\u00bbPediatr\u00eda\u00bb url=\u00bbhttps:\/\/seciss.facmed.unam.mx\/wp-content\/uploads\/2025\/11\/PEDIATRIA-2026-1.pdf\u00bb url_new_window=\u00bbon\u00bb _builder_version=\u00bb4.27.5&#8243; _module_preset=\u00bbdefault\u00bb global_colors_info=\u00bb{}\u00bb direction=\u00bbcolumn\u00bb force_fullwidth=\u00bbon\u00bb][\/et_pb_divimenus_flex_item][et_pb_divimenus_flex_item title=\u00bbRehabilitaci\u00f3n\u00bb url=\u00bbhttps:\/\/seciss.facmed.unam.mx\/wp-content\/uploads\/2025\/11\/REHABILITACION-2026-1.pdf\u00bb url_new_window=\u00bbon\u00bb _builder_version=\u00bb4.27.5&#8243; _module_preset=\u00bbdefault\u00bb global_colors_info=\u00bb{}\u00bb direction=\u00bbcolumn\u00bb force_fullwidth=\u00bbon\u00bb][\/et_pb_divimenus_flex_item][et_pb_divimenus_flex_item title=\u00bbAlgolog\u00eda\u00bb url=\u00bbhttps:\/\/seciss.facmed.unam.mx\/wp-content\/uploads\/2025\/11\/ALGOLOGIA-2026-1.pdf\u00bb url_new_window=\u00bbon\u00bb _builder_version=\u00bb4.27.5&#8243; _module_preset=\u00bbdefault\u00bb global_colors_info=\u00bb{}\u00bb direction=\u00bbcolumn\u00bb force_fullwidth=\u00bbon\u00bb][\/et_pb_divimenus_flex_item][et_pb_divimenus_flex_item title=\u00bbCirug\u00eda y Urgencias M\u00e9dicas\u00bb url=\u00bbhttps:\/\/seciss.facmed.unam.mx\/wp-content\/uploads\/2025\/11\/CIRUGIA-Y-URGENCIAS-MEDICAS-2026-1.pdf\u00bb url_new_window=\u00bbon\u00bb _builder_version=\u00bb4.27.5&#8243; _module_preset=\u00bbdefault\u00bb global_colors_info=\u00bb{}\u00bb direction=\u00bbcolumn\u00bb force_fullwidth=\u00bbon\u00bb][\/et_pb_divimenus_flex_item][et_pb_divimenus_flex_item title=\u00bbGeriatr\u00eda\u00bb url=\u00bbhttps:\/\/seciss.facmed.unam.mx\/wp-content\/uploads\/2025\/11\/GERIATRIA-2026-1.pdf\u00bb url_new_window=\u00bbon\u00bb _builder_version=\u00bb4.27.5&#8243; _module_preset=\u00bbdefault\u00bb global_colors_info=\u00bb{}\u00bb direction=\u00bbcolumn\u00bb force_fullwidth=\u00bbon\u00bb][\/et_pb_divimenus_flex_item][et_pb_divimenus_flex_item title=\u00bbInfectolog\u00eda\u00bb url=\u00bbhttps:\/\/seciss.facmed.unam.mx\/wp-content\/uploads\/2026\/02\/INFECTOLOGIA-2026-2.pdf\u00bb url_new_window=\u00bbon\u00bb _builder_version=\u00bb4.27.5&#8243; _module_preset=\u00bbdefault\u00bb global_colors_info=\u00bb{}\u00bb direction=\u00bbcolumn\u00bb force_fullwidth=\u00bbon\u00bb][\/et_pb_divimenus_flex_item][et_pb_divimenus_flex_item title=\u00bbMedicina Legal\u00bb url=\u00bbhttps:\/\/seciss.facmed.unam.mx\/wp-content\/uploads\/2025\/11\/MEDICINA-LEGAL-2026-1.pdf\u00bb url_new_window=\u00bbon\u00bb _builder_version=\u00bb4.27.5&#8243; _module_preset=\u00bbdefault\u00bb global_colors_info=\u00bb{}\u00bb direction=\u00bbcolumn\u00bb force_fullwidth=\u00bbon\u00bb][\/et_pb_divimenus_flex_item][et_pb_divimenus_flex_item title=\u00bbOrtopedia y Traumatolog\u00eda\u00bb url=\u00bbhttps:\/\/seciss.facmed.unam.mx\/wp-content\/uploads\/2025\/11\/ORTOPEDIA-Y-TRAUMATOLOGI%CC%81A-2026-1.pdf\u00bb url_new_window=\u00bbon\u00bb _builder_version=\u00bb4.27.5&#8243; _module_preset=\u00bbdefault\u00bb global_colors_info=\u00bb{}\u00bb direction=\u00bbcolumn\u00bb force_fullwidth=\u00bbon\u00bb][\/et_pb_divimenus_flex_item][et_pb_divimenus_flex_item title=\u00bbReumatolog\u00eda\u00bb url=\u00bbhttps:\/\/seciss.facmed.unam.mx\/wp-content\/uploads\/2025\/11\/REUMATOLOGIA-2026-1.pdf\u00bb url_new_window=\u00bbon\u00bb _builder_version=\u00bb4.27.5&#8243; _module_preset=\u00bbdefault\u00bb global_colors_info=\u00bb{}\u00bb direction=\u00bbcolumn\u00bb force_fullwidth=\u00bbon\u00bb][\/et_pb_divimenus_flex_item][\/et_pb_divimenus_flex][\/et_pb_column][et_pb_column type=\u00bb1_5&#8243; _builder_version=\u00bb4.27.5&#8243; _module_preset=\u00bbdefault\u00bb global_colors_info=\u00bb{}\u00bb][et_pb_text _builder_version=\u00bb4.27.5&#8243; _module_preset=\u00bbdefault\u00bb text_font=\u00bb|700||||on|||\u00bb text_text_color=\u00bb#053967&#8243; text_font_size=\u00bb31px\u00bb text_orientation=\u00bbcenter\u00bb custom_margin_tablet=\u00bb\u00bb custom_margin_phone=\u00bb28px||||false|false\u00bb custom_margin_last_edited=\u00bbon|phone\u00bb text_line_height_tablet=\u00bb\u00bb text_line_height_phone=\u00bb1.1em\u00bb text_line_height_last_edited=\u00bbon|phone\u00bb global_colors_info=\u00bb{}\u00bb]<\/p>\n<p>Internado M\u00e9dico<\/p>\n<p>[\/et_pb_text][et_pb_divimenus_flex direction=\u00bbcolumn\u00bb show_open=\u00bboff\u00bb menu_button_content=\u00bbtext\u00bb menu_button_text=\u00bbProgramas\u00bb alignment=\u00bbcenter\u00bb force_fullwidth=\u00bbon\u00bb mb_fullwidth=\u00bbon\u00bb menu_button_background_color=\u00bb#053967&#8243; h_gap=\u00bb11px\u00bb text_use_icon=\u00bbon\u00bb text_font_icon=\u00bb&#xf107;||fa||900&#8243; text_icon_pos=\u00bbright\u00bb menu_button_margin=\u00bb|0px||0px|false|false\u00bb menu_button_padding=\u00bb|||0px|false|false\u00bb hover_click=\u00bbclick\u00bb _builder_version=\u00bb4.27.5&#8243; _module_preset=\u00bbdefault\u00bb menu_button_font=\u00bb|600|||||||\u00bb menu_button_font_size=\u00bb17px\u00bb width=\u00bb100%\u00bb module_alignment=\u00bbcenter\u00bb custom_margin_tablet=\u00bb\u00bb custom_margin_phone=\u00bb-1px||||false|false\u00bb custom_margin_last_edited=\u00bbon|phone\u00bb custom_padding=\u00bb|0px||0px|false|false\u00bb border_radii_menu_button=\u00bbon|12px|12px|12px|12px\u00bb border_radii_menu_item=\u00bbon|10px|10px|10px|10px\u00bb border_width_all_menu_item=\u00bb1px\u00bb border_color_all_menu_item=\u00bb#08245A\u00bb box_shadow_style_menu_button=\u00bbpreset1&#8243; global_colors_info=\u00bb{}\u00bb][et_pb_divimenus_flex_item title=\u00bbInternado M\u00e9dico\u00bb alignment=\u00bbcenter\u00bb url=\u00bbhttps:\/\/seciss.facmed.unam.mx\/wp-content\/uploads\/2026\/01\/INTERNADO-ME%CC%81DICO.-PROGRAMA-ACADE%CC%81MICO-2026pdf.pdf\u00bb url_new_window=\u00bbon\u00bb _builder_version=\u00bb4.27.5&#8243; _module_preset=\u00bbdefault\u00bb item_text_color=\u00bb#08245A\u00bb module_alignment=\u00bbcenter\u00bb global_colors_info=\u00bb{}\u00bb direction=\u00bbcolumn\u00bb force_fullwidth=\u00bbon\u00bb][\/et_pb_divimenus_flex_item][\/et_pb_divimenus_flex][\/et_pb_column][et_pb_column type=\u00bb1_5&#8243; _builder_version=\u00bb4.27.5&#8243; _module_preset=\u00bbdefault\u00bb global_colors_info=\u00bb{}\u00bb][et_pb_text _builder_version=\u00bb4.27.5&#8243; _module_preset=\u00bbdefault\u00bb text_font=\u00bb|700||||on|||\u00bb text_text_color=\u00bb#053967&#8243; text_font_size=\u00bb36px\u00bb custom_margin=\u00bb-25px||||false|false\u00bb custom_margin_tablet=\u00bb-25px||||false|false\u00bb custom_margin_phone=\u00bb18px||||false|false\u00bb custom_margin_last_edited=\u00bbon|phone\u00bb custom_padding=\u00bb25px|||||\u00bb text_font_size_tablet=\u00bb36px\u00bb text_font_size_phone=\u00bb33px\u00bb text_font_size_last_edited=\u00bbon|phone\u00bb text_line_height_tablet=\u00bb\u00bb text_line_height_phone=\u00bb\u00bb text_line_height_last_edited=\u00bbon|phone\u00bb text_orientation_tablet=\u00bb\u00bb text_orientation_phone=\u00bbcenter\u00bb text_orientation_last_edited=\u00bbon|phone\u00bb global_colors_info=\u00bb{}\u00bb]<\/p>\n<p>Servicio Social<\/p>\n<p>[\/et_pb_text][et_pb_divimenus_flex direction=\u00bbcolumn\u00bb show_open=\u00bboff\u00bb menu_button_content=\u00bbtext\u00bb menu_button_text=\u00bbProgramas\u00bb alignment=\u00bbcenter\u00bb force_fullwidth=\u00bbon\u00bb mb_fullwidth=\u00bbon\u00bb menu_button_background_color=\u00bb#053967&#8243; h_gap=\u00bb11px\u00bb text_use_icon=\u00bbon\u00bb text_font_icon=\u00bb&#xf107;||fa||900&#8243; text_icon_pos=\u00bbright\u00bb menu_button_margin=\u00bb|0px||0px|false|false\u00bb menu_button_padding=\u00bb|||0px|false|false\u00bb hover_click=\u00bbclick\u00bb _builder_version=\u00bb4.27.5&#8243; _module_preset=\u00bbdefault\u00bb menu_button_font=\u00bb|600|||||||\u00bb menu_button_font_size=\u00bb17px\u00bb width=\u00bb100%\u00bb module_alignment=\u00bbcenter\u00bb custom_padding=\u00bb|0px||0px|false|false\u00bb border_radii_menu_button=\u00bbon|12px|12px|12px|12px\u00bb border_radii_menu_item=\u00bbon|10px|10px|10px|10px\u00bb border_width_all_menu_item=\u00bb1px\u00bb border_color_all_menu_item=\u00bb#08245A\u00bb box_shadow_style_menu_button=\u00bbpreset1&#8243; global_colors_info=\u00bb{}\u00bb][et_pb_divimenus_flex_item title=\u00bbServicio Social\u00bb alignment=\u00bbcenter\u00bb url=\u00bbhttps:\/\/seciss.facmed.unam.mx\/wp-content\/uploads\/2023\/03\/PROGRAMA_ACADEM_marzo-2023.pdf\u00bb url_new_window=\u00bbon\u00bb _builder_version=\u00bb4.27.5&#8243; _module_preset=\u00bbdefault\u00bb item_text_color=\u00bb#08245A\u00bb module_alignment=\u00bbcenter\u00bb global_colors_info=\u00bb{}\u00bb direction=\u00bbcolumn\u00bb force_fullwidth=\u00bbon\u00bb][\/et_pb_divimenus_flex_item][\/et_pb_divimenus_flex][\/et_pb_column][\/et_pb_row][\/et_pb_section]<\/p>\n","protected":false},"excerpt":{"rendered":"<p>Programas Acad\u00e9micos5\u00ba Semestre6\u00ba y 7\u00ba Semestres8\u00ba y 9\u00ba SemestresInternado M\u00e9dicoServicio Social<\/p>\n","protected":false},"author":4,"featured_media":0,"parent":0,"menu_order":0,"comment_status":"closed","ping_status":"closed","template":"","meta":{"_et_pb_use_builder":"on","_et_pb_old_content":"","_et_gb_content_width":"","footnotes":""},"class_list":["post-7061","page","type-page","status-publish","hentry"],"jetpack_sharing_enabled":true,"_links":{"self":[{"href":"https:\/\/seciss.facmed.unam.mx\/index.php\/wp-json\/wp\/v2\/pages\/7061","targetHints":{"allow":["GET"]}}],"collection":[{"href":"https:\/\/seciss.facmed.unam.mx\/index.php\/wp-json\/wp\/v2\/pages"}],"about":[{"href":"https:\/\/seciss.facmed.unam.mx\/index.php\/wp-json\/wp\/v2\/types\/page"}],"author":[{"embeddable":true,"href":"https:\/\/seciss.facmed.unam.mx\/index.php\/wp-json\/wp\/v2\/users\/4"}],"replies":[{"embeddable":true,"href":"https:\/\/seciss.facmed.unam.mx\/index.php\/wp-json\/wp\/v2\/comments?post=7061"}],"version-history":[{"count":60,"href":"https:\/\/seciss.facmed.unam.mx\/index.php\/wp-json\/wp\/v2\/pages\/7061\/revisions"}],"predecessor-version":[{"id":10060,"href":"https:\/\/seciss.facmed.unam.mx\/index.php\/wp-json\/wp\/v2\/pages\/7061\/revisions\/10060"}],"wp:attachment":[{"href":"https:\/\/seciss.facmed.unam.mx\/index.php\/wp-json\/wp\/v2\/media?parent=7061"}],"curies":[{"name":"wp","href":"https:\/\/api.w.org\/{rel}","templated":true}]}}