{"id":4404,"date":"2020-08-12T16:41:00","date_gmt":"2020-08-12T16:41:00","guid":{"rendered":"https:\/\/seciss.facmed.unam.mx\/?page_id=4404"},"modified":"2026-02-18T13:13:31","modified_gmt":"2026-02-18T19:13:31","slug":"educacionadistancia","status":"publish","type":"page","link":"https:\/\/seciss.facmed.unam.mx\/index.php\/educacionadistancia\/","title":{"rendered":"Educaci\u00f3n a Distancia"},"content":{"rendered":"<p>[et_pb_section fb_built=\u00bb1&#8243; custom_padding_last_edited=\u00bbon|phone\u00bb _builder_version=\u00bb4.27.5&#8243; _module_preset=\u00bbdefault\u00bb custom_margin_tablet=\u00bb-28px||||false|false\u00bb custom_margin_phone=\u00bb-28px||||false|false\u00bb custom_margin_last_edited=\u00bbon|tablet\u00bb custom_padding_tablet=\u00bb\u00bb custom_padding_phone=\u00bb0px||4px||false|false\u00bb box_shadow_style=\u00bbpreset3&#8243; global_colors_info=\u00bb{}\u00bb][et_pb_row _builder_version=\u00bb4.27.4&#8243; _module_preset=\u00bbdefault\u00bb global_colors_info=\u00bb{}\u00bb][et_pb_column type=\u00bb4_4&#8243; _builder_version=\u00bb4.27.4&#8243; _module_preset=\u00bbdefault\u00bb global_colors_info=\u00bb{}\u00bb][et_pb_text _builder_version=\u00bb4.27.5&#8243; _module_preset=\u00bbdefault\u00bb text_font=\u00bb|800||on|||||\u00bb text_text_color=\u00bb#08245A\u00bb text_font_size=\u00bb60px\u00bb text_orientation=\u00bbcenter\u00bb text_font_size_tablet=\u00bb49px\u00bb text_font_size_phone=\u00bb38px\u00bb text_font_size_last_edited=\u00bbon|tablet\u00bb text_line_height_tablet=\u00bb\u00bb text_line_height_phone=\u00bb1.2em\u00bb text_line_height_last_edited=\u00bbon|phone\u00bb text_text_shadow_style=\u00bbpreset1&#8243; global_colors_info=\u00bb{}\u00bb]<\/p>\n<p>Educaci\u00f3n a Distancia<\/p>\n<p>[\/et_pb_text][\/et_pb_column][\/et_pb_row][\/et_pb_section][et_pb_section fb_built=\u00bb1&#8243; _builder_version=\u00bb4.27.4&#8243; _module_preset=\u00bbdefault\u00bb background_image=\u00bbhttps:\/\/seciss.facmed.unam.mx\/wp-content\/uploads\/2025\/10\/sadfghjkl1.png\u00bb max_width=\u00bb100%\u00bb height=\u00bb511px\u00bb custom_padding=\u00bb6px|||||\u00bb global_colors_info=\u00bb{}\u00bb][et_pb_row _builder_version=\u00bb4.16&#8243; _module_preset=\u00bbdefault\u00bb custom_padding=\u00bb17px|||||\u00bb global_colors_info=\u00bb{}\u00bb][et_pb_column type=\u00bb4_4&#8243; _builder_version=\u00bb4.16&#8243; _module_preset=\u00bbdefault\u00bb global_colors_info=\u00bb{}\u00bb][et_pb_text _builder_version=\u00bb4.27.5&#8243; _module_preset=\u00bbdefault\u00bb text_font=\u00bbArial|||||on|||\u00bb custom_margin_tablet=\u00bb17px||||false|false\u00bb custom_margin_phone=\u00bb17px||||false|false\u00bb custom_margin_last_edited=\u00bbon|tablet\u00bb custom_padding=\u00bb||3px|||\u00bb text_text_shadow_style=\u00bbpreset2&#8243; global_colors_info=\u00bb{}\u00bb]<\/p>\n<h1 style=\"text-align: center;\"><span style=\"color: #003366;\">Recursos para Profesores<\/span><\/h1>\n<p>[\/et_pb_text][\/et_pb_column][\/et_pb_row][et_pb_row column_structure=\u00bb1_5,1_5,1_5,1_5,1_5&#8243; _builder_version=\u00bb4.27.4&#8243; _module_preset=\u00bbdefault\u00bb global_colors_info=\u00bb{}\u00bb][et_pb_column type=\u00bb1_5&#8243; _builder_version=\u00bb4.27.4&#8243; _module_preset=\u00bbdefault\u00bb background_color=\u00bb#f4f4f4&#8243; custom_padding=\u00bb16px|||18px|false|false\u00bb border_radii=\u00bbon|24px|24px|24px|24px\u00bb box_shadow_style=\u00bbpreset2&#8243; global_colors_info=\u00bb{}\u00bb][et_pb_text _builder_version=\u00bb4.27.5&#8243; _module_preset=\u00bbdefault\u00bb text_font=\u00bb|600||||on|||\u00bb text_text_color=\u00bb#08245A\u00bb text_font_size=\u00bb18px\u00bb text_orientation=\u00bbcenter\u00bb width=\u00bb100%\u00bb max_height=\u00bb1000px\u00bb custom_margin=\u00bb|||-18px||\u00bb custom_padding=\u00bb|||0px||\u00bb custom_padding_tablet=\u00bb|||0px||\u00bb custom_padding_phone=\u00bb|15px||17px|false|false\u00bb custom_padding_last_edited=\u00bbon|phone\u00bb global_colors_info=\u00bb{}\u00bb]<\/p>\n<p>Comunicaci\u00f3n y colaboraci\u00f3n sincr\u00f3nica<\/p>\n<p>[\/et_pb_text][et_pb_text _builder_version=\u00bb4.27.4&#8243; _module_preset=\u00bbdefault\u00bb text_text_color=\u00bb#08245A\u00bb global_colors_info=\u00bb{}\u00bb]<\/p>\n<ul>\n<li><span style=\"color: #0000ff;\"><a href=\"https:\/\/teams.live.com\/free\" target=\"_blank\" rel=\"noopener\" style=\"color: #0000ff;\">Microsoft Teams <img loading=\"lazy\" decoding=\"async\" src=\"https:\/\/seciss.facmed.unam.mx\/wp-content\/uploads\/2025\/10\/Microsoft_Office_Teams_2018\u2013present.svg_-300x279.png\" width=\"22\" height=\"21\" alt=\"\" class=\"wp-image-9524 alignnone size-medium\" srcset=\"https:\/\/seciss.facmed.unam.mx\/wp-content\/uploads\/2025\/10\/Microsoft_Office_Teams_2018\u2013present.svg_-300x279.png 300w, https:\/\/seciss.facmed.unam.mx\/wp-content\/uploads\/2025\/10\/Microsoft_Office_Teams_2018\u2013present.svg_-1024x953.png 1024w, https:\/\/seciss.facmed.unam.mx\/wp-content\/uploads\/2025\/10\/Microsoft_Office_Teams_2018\u2013present.svg_-150x150.png 150w, https:\/\/seciss.facmed.unam.mx\/wp-content\/uploads\/2025\/10\/Microsoft_Office_Teams_2018\u2013present.svg_-768x715.png 768w, https:\/\/seciss.facmed.unam.mx\/wp-content\/uploads\/2025\/10\/Microsoft_Office_Teams_2018\u2013present.svg_-1536x1429.png 1536w, https:\/\/seciss.facmed.unam.mx\/wp-content\/uploads\/2025\/10\/Microsoft_Office_Teams_2018\u2013present.svg_-2048x1906.png 2048w, https:\/\/seciss.facmed.unam.mx\/wp-content\/uploads\/2025\/10\/Microsoft_Office_Teams_2018\u2013present.svg_-1080x1005.png 1080w, https:\/\/seciss.facmed.unam.mx\/wp-content\/uploads\/2025\/10\/Microsoft_Office_Teams_2018\u2013present.svg_-1280x1191.png 1280w, https:\/\/seciss.facmed.unam.mx\/wp-content\/uploads\/2025\/10\/Microsoft_Office_Teams_2018\u2013present.svg_-980x912.png 980w, https:\/\/seciss.facmed.unam.mx\/wp-content\/uploads\/2025\/10\/Microsoft_Office_Teams_2018\u2013present.svg_-480x447.png 480w\" sizes=\"(max-width: 22px) 100vw, 22px\" \/><\/a><\/span><\/li>\n<li><span style=\"color: #0000ff;\"><a href=\"https:\/\/meet.google.com\/landing\" target=\"_blank\" rel=\"noopener\" style=\"color: #0000ff;\">Google meet <img loading=\"lazy\" decoding=\"async\" src=\"https:\/\/seciss.facmed.unam.mx\/wp-content\/uploads\/2025\/10\/687c2721c4366c6c8996cb65_google-meet-icon-sm.png\" width=\"22\" height=\"18\" alt=\"\" class=\"wp-image-9525 alignnone size-full\" \/><\/a><\/span><\/li>\n<li><a href=\"https:\/\/www.zoom.com\/es\" target=\"_blank\" rel=\"noopener\"><span style=\"color: #0000ff;\">Zoom <img loading=\"lazy\" decoding=\"async\" src=\"https:\/\/seciss.facmed.unam.mx\/wp-content\/uploads\/2025\/10\/zoom_logo_icon_186898-300x300.png\" width=\"17\" height=\"17\" alt=\"\" class=\"wp-image-9526 alignnone size-medium\" \/><\/span><\/a><\/li>\n<\/ul>\n<p><span style=\"color: #0000ff;\"><\/span><\/p>\n<p><span style=\"color: #0000ff;\"><\/span><\/p>\n<p><span style=\"color: #0000ff;\"><\/span><\/p>\n<p><span style=\"color: #0000ff;\"><\/span><\/p>\n<p>[\/et_pb_text][\/et_pb_column][et_pb_column type=\u00bb1_5&#8243; _builder_version=\u00bb4.27.4&#8243; _module_preset=\u00bbdefault\u00bb background_color=\u00bb#f4f4f4&#8243; custom_padding=\u00bb16px|||18px|false|false\u00bb border_radii=\u00bbon|26px|26px|26px|26px\u00bb box_shadow_style=\u00bbpreset2&#8243; global_colors_info=\u00bb{}\u00bb][et_pb_text _builder_version=\u00bb4.27.5&#8243; _module_preset=\u00bbdefault\u00bb text_font=\u00bb|600||||on|||\u00bb text_text_color=\u00bb#08245A\u00bb text_font_size=\u00bb18px\u00bb text_orientation=\u00bbcenter\u00bb width=\u00bb100%\u00bb max_height=\u00bb1000px\u00bb custom_margin=\u00bb|||-19px||\u00bb custom_margin_tablet=\u00bb|11px||-19px|false|false\u00bb custom_margin_phone=\u00bb|11px||-19px|false|false\u00bb custom_margin_last_edited=\u00bbon|tablet\u00bb custom_padding=\u00bb|||7px||\u00bb custom_padding_tablet=\u00bb|||7px||\u00bb custom_padding_phone=\u00bb|23px||23px|false|false\u00bb custom_padding_last_edited=\u00bbon|phone\u00bb global_colors_info=\u00bb{}\u00bb]<\/p>\n<p>Gamificaci\u00f3n y Aprendizaje Interactivo<\/p>\n<p>[\/et_pb_text][et_pb_text _builder_version=\u00bb4.27.4&#8243; _module_preset=\u00bbdefault\u00bb global_colors_info=\u00bb{}\u00bb]<\/p>\n<ul>\n<li><a href=\"https:\/\/kahoot.com\/es\/\" target=\"_blank\" rel=\"noopener\"><span style=\"color: #0000ff;\">Kahoot<\/span> <img loading=\"lazy\" decoding=\"async\" src=\"https:\/\/seciss.facmed.unam.mx\/wp-content\/uploads\/2025\/10\/Kahoot-Logo-png-300x300.png\" width=\"24\" height=\"24\" alt=\"\" class=\"wp-image-9527 alignnone size-medium\" \/><\/a><\/li>\n<li><a href=\"https:\/\/wayground.com\/?lng=en\" target=\"_blank\" rel=\"noopener\"><span style=\"color: #0000ff;\">Quizizz <img loading=\"lazy\" decoding=\"async\" src=\"https:\/\/seciss.facmed.unam.mx\/wp-content\/uploads\/2025\/10\/unnamed-4-300x150.png\" width=\"42\" height=\"21\" alt=\"\" class=\"wp-image-9528 alignnone size-medium\" \/><\/span><\/a><span style=\"color: #0000ff;\"><\/span><\/li>\n<\/ul>\n<p>&nbsp;<\/p>\n<p>&nbsp;<\/p>\n<p>[\/et_pb_text][\/et_pb_column][et_pb_column type=\u00bb1_5&#8243; _builder_version=\u00bb4.27.4&#8243; _module_preset=\u00bbdefault\u00bb background_color=\u00bb#f4f4f4&#8243; custom_padding=\u00bb17px|||25px|false|false\u00bb border_radii=\u00bbon|26px|26px|26px|26px\u00bb box_shadow_style=\u00bbpreset2&#8243; global_colors_info=\u00bb{}\u00bb][et_pb_text _builder_version=\u00bb4.27.5&#8243; _module_preset=\u00bbdefault\u00bb text_font=\u00bb|600||||on|||\u00bb text_text_color=\u00bb#08245A\u00bb text_font_size=\u00bb18px\u00bb text_orientation=\u00bbcenter\u00bb width=\u00bb100%\u00bb max_height=\u00bb1000px\u00bb custom_margin=\u00bb|||-19px||\u00bb custom_padding=\u00bb|||7px||\u00bb custom_padding_tablet=\u00bb|||7px||\u00bb custom_padding_phone=\u00bb|41px||36px|false|false\u00bb custom_padding_last_edited=\u00bbon|phone\u00bb global_colors_info=\u00bb{}\u00bb]<\/p>\n<p>Inteligencia Artificial para docencia y contenido<\/p>\n<p>[\/et_pb_text][et_pb_text _builder_version=\u00bb4.27.4&#8243; _module_preset=\u00bbdefault\u00bb global_colors_info=\u00bb{}\u00bb]<\/p>\n<ul>\n<li><span style=\"color: #0000ff;\"><a href=\"https:\/\/chatgpt.com\/\" target=\"_blank\" rel=\"noopener\" style=\"color: #0000ff;\">Chat GPT <img loading=\"lazy\" decoding=\"async\" src=\"https:\/\/seciss.facmed.unam.mx\/wp-content\/uploads\/2025\/10\/vectorseek.com-ChatGPT-Logo-Vector-1-295x300.png\" width=\"17\" height=\"17\" alt=\"\" class=\"wp-image-9533 alignnone size-medium\" \/><\/a><\/span><\/li>\n<li><span style=\"color: #0000ff;\"><a href=\"https:\/\/gemini.google.com\/app?hl=es\" target=\"_blank\" rel=\"noopener\" style=\"color: #0000ff;\">Gemini <img loading=\"lazy\" decoding=\"async\" src=\"https:\/\/seciss.facmed.unam.mx\/wp-content\/uploads\/2025\/10\/gemini_icon-logo_brandlogos.net_bqzeu-300x300.png\" width=\"19\" height=\"19\" alt=\"\" class=\"wp-image-9534 alignnone size-medium\" \/><\/a><\/span><\/li>\n<li><span style=\"color: #0000ff;\"><a href=\"https:\/\/notebooklm.google.com\/\" target=\"_blank\" rel=\"noopener\" style=\"color: #0000ff;\">Notebook LM <img loading=\"lazy\" decoding=\"async\" src=\"https:\/\/seciss.facmed.unam.mx\/wp-content\/uploads\/2025\/10\/google-notebooklm-app-icon-hd-300x300.webp\" width=\"19\" height=\"19\" alt=\"\" class=\"wp-image-9535 alignnone size-medium\" \/><\/a><\/span><\/li>\n<li><span style=\"color: #0000ff;\"><a href=\"https:\/\/www.napkin.ai\/\" target=\"_blank\" rel=\"noopener\" style=\"color: #0000ff;\">Napkin <img loading=\"lazy\" decoding=\"async\" src=\"https:\/\/seciss.facmed.unam.mx\/wp-content\/uploads\/2025\/10\/napkin-ai-icon-300x300.png\" width=\"19\" height=\"19\" alt=\"\" class=\"wp-image-9537 alignnone size-medium\" \/><\/a><\/span><\/li>\n<li><a href=\"https:\/\/gamma.app\/es\" target=\"_blank\" rel=\"noopener\"><span style=\"color: #0000ff;\">Gamma <img loading=\"lazy\" decoding=\"async\" src=\"https:\/\/seciss.facmed.unam.mx\/wp-content\/uploads\/2025\/10\/gamma-icon-filled-256.png\" width=\"18\" height=\"18\" alt=\"\" class=\"wp-image-9538 alignnone size-full\" srcset=\"https:\/\/seciss.facmed.unam.mx\/wp-content\/uploads\/2025\/10\/gamma-icon-filled-256.png 256w, https:\/\/seciss.facmed.unam.mx\/wp-content\/uploads\/2025\/10\/gamma-icon-filled-256-150x150.png 150w\" sizes=\"(max-width: 18px) 100vw, 18px\" \/><\/span><\/a><\/li>\n<\/ul>\n<p>[\/et_pb_text][\/et_pb_column][et_pb_column type=\u00bb1_5&#8243; _builder_version=\u00bb4.27.4&#8243; _module_preset=\u00bbdefault\u00bb background_color=\u00bb#f4f4f4&#8243; custom_padding=\u00bb22px|||22px|false|false\u00bb border_radii=\u00bbon|24px|24px|24px|24px\u00bb box_shadow_style=\u00bbpreset2&#8243; global_colors_info=\u00bb{}\u00bb][et_pb_text _builder_version=\u00bb4.27.4&#8243; _module_preset=\u00bbdefault\u00bb text_font=\u00bb|600||||on|||\u00bb text_text_color=\u00bb#08245A\u00bb text_font_size=\u00bb19px\u00bb text_orientation=\u00bbcenter\u00bb custom_margin=\u00bb|||-15px||\u00bb custom_padding=\u00bb|17px||||\u00bb global_colors_info=\u00bb{}\u00bb]<\/p>\n<p>Productividad y dise\u00f1o de materiales<\/p>\n<p>[\/et_pb_text][et_pb_text _builder_version=\u00bb4.27.4&#8243; _module_preset=\u00bbdefault\u00bb global_colors_info=\u00bb{}\u00bb]<\/p>\n<ul>\n<li><span style=\"color: #0000ff;\"><a href=\"https:\/\/www.canva.com\/\" target=\"_blank\" rel=\"noopener\" style=\"color: #0000ff;\">Canva <img loading=\"lazy\" decoding=\"async\" src=\"https:\/\/seciss.facmed.unam.mx\/wp-content\/uploads\/2025\/10\/Canva-New-Logo-300x169.png\" width=\"29\" height=\"16\" alt=\"\" class=\"wp-image-9539 alignnone size-medium\" \/><\/a><\/span><\/li>\n<li><span style=\"color: #0000ff;\"><a href=\"https:\/\/genially.com\/es\/\" target=\"_blank\" rel=\"noopener\" style=\"color: #0000ff;\">Genially <img loading=\"lazy\" decoding=\"async\" src=\"https:\/\/seciss.facmed.unam.mx\/wp-content\/uploads\/2025\/10\/Genially_2023_logotipo-300x300.png\" width=\"18\" height=\"18\" alt=\"\" class=\"wp-image-9540 alignnone size-medium\" \/><\/a><\/span><\/li>\n<li><a href=\"https:\/\/es.padlet.com\/\" target=\"_blank\" rel=\"noopener\"><span style=\"color: #0000ff;\">Padlet <img loading=\"lazy\" decoding=\"async\" src=\"https:\/\/seciss.facmed.unam.mx\/wp-content\/uploads\/2025\/10\/Padlet_Logo_No_stroke-300x240.png\" width=\"23\" height=\"18\" alt=\"\" class=\"wp-image-9541 alignnone size-medium\" \/><\/span><\/a><\/li>\n<\/ul>\n<p>&nbsp;<\/p>\n<p>&nbsp;<\/p>\n<p>[\/et_pb_text][\/et_pb_column][et_pb_column type=\u00bb1_5&#8243; _builder_version=\u00bb4.27.4&#8243; _module_preset=\u00bbdefault\u00bb background_color=\u00bb#f4f4f4&#8243; custom_padding=\u00bb21px|||20px|false|false\u00bb border_radii=\u00bbon|20px|20px|20px|20px\u00bb box_shadow_style=\u00bbpreset2&#8243; global_colors_info=\u00bb{}\u00bb][et_pb_text _builder_version=\u00bb4.27.4&#8243; _module_preset=\u00bbdefault\u00bb text_font=\u00bb|600||||on|||\u00bb text_text_color=\u00bb#08245A\u00bb text_font_size=\u00bb18px\u00bb text_orientation=\u00bbcenter\u00bb custom_margin=\u00bb|||-10px||\u00bb custom_padding=\u00bb|13px||||\u00bb global_colors_info=\u00bb{}\u00bb]<\/p>\n<p>Gesti\u00f3n del aprendizaje (LMS)<\/p>\n<p>[\/et_pb_text][et_pb_text _builder_version=\u00bb4.27.4&#8243; _module_preset=\u00bbdefault\u00bb global_colors_info=\u00bb{}\u00bb]<\/p>\n<ul>\n<li><span style=\"color: #0000ff;\"><a href=\"https:\/\/moodle.org\/?lang=es\" target=\"_blank\" rel=\"noopener\" style=\"color: #0000ff;\">Moodle <img loading=\"lazy\" decoding=\"async\" src=\"https:\/\/seciss.facmed.unam.mx\/wp-content\/uploads\/2025\/10\/Moodle-logo.svg-1-300x77.png\" width=\"43\" height=\"11\" alt=\"\" class=\"wp-image-9542 alignnone size-medium\" \/><\/a><\/span><\/li>\n<li><span style=\"color: #0000ff;\"><a href=\"https:\/\/edu.google.com\/intl\/ALL_mx\/workspace-for-education\/products\/classroom\/\" target=\"_blank\" rel=\"noopener\" style=\"color: #0000ff;\">Google classroom <img loading=\"lazy\" decoding=\"async\" src=\"https:\/\/seciss.facmed.unam.mx\/wp-content\/uploads\/2025\/10\/Google_Classroom_Logo.png\" width=\"21\" height=\"18\" alt=\"\" class=\"wp-image-9543 alignnone size-full\" \/><\/a><\/span><\/li>\n<li><span style=\"color: #0000ff;\"><a href=\"https:\/\/www.instructure.com\/es\/canvas\" target=\"_blank\" rel=\"noopener\" style=\"color: #0000ff;\">Canvas <img loading=\"lazy\" decoding=\"async\" src=\"https:\/\/seciss.facmed.unam.mx\/wp-content\/uploads\/2025\/10\/Canvas_by_Instructure_Logo-300x247.png\" width=\"19\" height=\"15\" alt=\"\" class=\"wp-image-9545 alignnone size-medium\" \/><\/a><\/span><\/li>\n<\/ul>\n<p><span style=\"color: #0000ff;\"><\/span><\/p>\n<p><span style=\"color: #0000ff;\"><\/span><\/p>\n<p><span style=\"color: #0000ff;\"><\/span><\/p>\n<p><span style=\"color: #0000ff;\"><\/span><\/p>\n<p><span style=\"color: #0000ff;\"><\/span><\/p>\n<p>[\/et_pb_text][\/et_pb_column][\/et_pb_row][\/et_pb_section][et_pb_section fb_built=\u00bb1&#8243; _builder_version=\u00bb4.27.4&#8243; _module_preset=\u00bbdefault\u00bb background_color=\u00bb#f8fafd\u00bb custom_margin_tablet=\u00bb413px||||false|false\u00bb custom_margin_phone=\u00bb950px||||false|false\u00bb custom_margin_last_edited=\u00bbon|tablet\u00bb custom_padding=\u00bb0px||4px|||\u00bb top_divider_color=\u00bbrgba(29,209,215,0.43)\u00bb bottom_divider_color=\u00bbrgba(29,209,215,0.43)\u00bb global_colors_info=\u00bb{}\u00bb][et_pb_row _builder_version=\u00bb4.27.4&#8243; _module_preset=\u00bbdefault\u00bb global_colors_info=\u00bb{}\u00bb][et_pb_column type=\u00bb4_4&#8243; _builder_version=\u00bb4.27.4&#8243; _module_preset=\u00bbdefault\u00bb global_colors_info=\u00bb{}\u00bb][et_pb_image src=\u00bbhttps:\/\/seciss.facmed.unam.mx\/wp-content\/uploads\/2025\/10\/COnsejosclaseenli\u0301nea1.jpg\u00bb title_text=\u00bbCOnsejosclaseenli\u0301nea1&#8243; align=\u00bbcenter\u00bb _builder_version=\u00bb4.27.5&#8243; _module_preset=\u00bbdefault\u00bb width=\u00bb72%\u00bb hover_enabled=\u00bb0&#8243; global_colors_info=\u00bb{}\u00bb custom_padding_last_edited=\u00bbon|phone\u00bb custom_padding_phone=\u00bb22px||||false|false\u00bb sticky_enabled=\u00bb0&#8243; url=\u00bbhttps:\/\/seciss.facmed.unam.mx\/wp-content\/uploads\/2025\/10\/COnsejosclaseenli\u0301nea1.jpg\u00bb url_new_window=\u00bbon\u00bb][\/et_pb_image][\/et_pb_column][\/et_pb_row][\/et_pb_section]<\/p>\n","protected":false},"excerpt":{"rendered":"<p>Educaci\u00f3n a DistanciaRecursos para ProfesoresComunicaci\u00f3n y colaboraci\u00f3n sincr\u00f3nica Microsoft Teams Google meet Zoom Gamificaci\u00f3n y Aprendizaje Interactivo Kahoot Quizizz &nbsp; &nbsp;Inteligencia Artificial para docencia y contenido Chat GPT Gemini Notebook LM Napkin Gamma Productividad y dise\u00f1o de materiales Canva Genially Padlet &nbsp; &nbsp;Gesti\u00f3n del aprendizaje (LMS) Moodle Google classroom Canvas<\/p>\n","protected":false},"author":1,"featured_media":0,"parent":0,"menu_order":0,"comment_status":"closed","ping_status":"closed","template":"","meta":{"_et_pb_use_builder":"on","_et_pb_old_content":"","_et_gb_content_width":"","footnotes":""},"class_list":["post-4404","page","type-page","status-publish","hentry"],"jetpack_sharing_enabled":true,"_links":{"self":[{"href":"https:\/\/seciss.facmed.unam.mx\/index.php\/wp-json\/wp\/v2\/pages\/4404","targetHints":{"allow":["GET"]}}],"collection":[{"href":"https:\/\/seciss.facmed.unam.mx\/index.php\/wp-json\/wp\/v2\/pages"}],"about":[{"href":"https:\/\/seciss.facmed.unam.mx\/index.php\/wp-json\/wp\/v2\/types\/page"}],"author":[{"embeddable":true,"href":"https:\/\/seciss.facmed.unam.mx\/index.php\/wp-json\/wp\/v2\/users\/1"}],"replies":[{"embeddable":true,"href":"https:\/\/seciss.facmed.unam.mx\/index.php\/wp-json\/wp\/v2\/comments?post=4404"}],"version-history":[{"count":28,"href":"https:\/\/seciss.facmed.unam.mx\/index.php\/wp-json\/wp\/v2\/pages\/4404\/revisions"}],"predecessor-version":[{"id":9987,"href":"https:\/\/seciss.facmed.unam.mx\/index.php\/wp-json\/wp\/v2\/pages\/4404\/revisions\/9987"}],"wp:attachment":[{"href":"https:\/\/seciss.facmed.unam.mx\/index.php\/wp-json\/wp\/v2\/media?parent=4404"}],"curies":[{"name":"wp","href":"https:\/\/api.w.org\/{rel}","templated":true}]}}